y f.
11
Let z = -10 + 10. Let h be 4/(-2) - (-2 - z). Suppose 2*j - 33 + 13 = h. What is the remainder when 19 is divided by j?
9
Let b = -141 - -165. What is the remainder when b is divided by 20?
4
Suppose -5*x - 35 = -2*s - 2*s, 5*x = s - 20. Let j(t) = -8*t + 13*t - 7*t. Calculate the remainder when 16 is divided by j(x).
4
Suppose -y - 47 = -5*g, y - 25 = -0*g - 3*g. What is the remainder when 80 is divided by g?
8
Let t = -165 + 184. Let l(z) = 5*z - 2. Calculate the remainder when l(11) is divided by t.
15
Let d be ((-9)/12)/(9/6)*-46. Suppose -51 = 22*k - d*k. Calculate the remainder when k is divided by 27.
24
Let a = -339 - -349. What is the remainder when 14 is divided by a?
4
Suppose 3*k = 4*s - 221 + 56, s - 5*k = 20. Calculate the remainder when 417 is divided by s.
12
Let w = 762 + -632. Calculate the remainder when w is divided by 43.
1
Let x = -162 - -187. What is the remainder when x is divided by 9?
7
What is the remainder when 152 is divided by (-5 + 39)*(-5 - -3 - -4)?
16
Let f = 12 - 8. Suppose f*h = -2*j + 2, 0*h + 1 = -4*h - 3*j. Suppose h*v - 3*v = -4. What is the remainder when 17 is divided by v?
1
Let l(a) = -a**2 - 16*a + 6. Let u = 58 - 47. Calculate the remainder when l(-12) is divided by u.
10
Let v(n) = 14*n - 780. Calculate the remainder when 50 is divided by v(59).
4
Let b = -13 - -64. What is the remainder when b is divided by -15*(-2)/(6 - 8/3)?
6
Let t(a) = a**2 - 2*a - 3. Calculate the remainder when 369/6 + (-6)/20*-5 is divided by t(7).
31
Suppose 424 = 8*p - 288. What is the remainder when 620 is divided by p?
86
Let u = 88 + -82. Suppose -4*a = -u*a + 28. Calculate the remainder when 79 is divided by a.
9
Let r = 2228 + -2112. What is the remainder when r is divided by 103?
13
Let z be -1 + 1 + 4 - 0. What is the remainder when 69/z - (-3)/4 is divided by 108/11 + 12/66?
8
Suppose -i = -13*i + 72. Suppose n + 3*q - 4*q = 45, 0 = -3*q. Calculate the remainder when n is divided by i.
3
Let c(b) = 66*b - 501. What is the remainder when 225 is divided by c(8)?
9
Suppose -10*d - 672 = 1758. Let u = -146 - d. What is the remainder when u is divided by 20?
17
Let q = -18383 + 18396. Let l = 15 - 7. Calculate the remainder when q is divided by l.
5
Let t(v) = -93*v - 451. Calculate the remainder when 1*(-1 + 84) - 0 is divided by t(-5).
13
Let k(i) be the second derivative of -i**3/2 + i. Let z be k(2). Let g = z - -17. Calculate the remainder when g is divided by 6.
5
Suppose 0 = 2*j + 4*x + 8, 0 = -j - 0*x + x - 7. Let u be 5/5*2 + j. Let h(d) = -d**3 - d**2 + 2*d - 2. What is the remainder when h(u) is divided by 10?
8
Suppose m - 26 = -q, 2*q = 6*q - 5*m - 149. Let o = -12 + 20. Suppose 0 = j + 4*t + 4 + o, -3*j - 3*t = -9. What is the remainder when q is divided by j?
7
Let o = 34 - 25. Suppose -2*q + 17 + o = -2*p, 2*q = -2*p + 46. What is the remainder when q is divided by 11?
7
Let q = -7 + 21. Let g(f) = f**2 - f - 21. Calculate the remainder when g(-9) is divided by q.
13
Calculate the remainder when 111 - (1/1 + -9) is divided by 12.
11
Suppose -8 = 2*c - 6*c. Calculate the remainder when -234*((-3)/c + 1) is divided by 30.
27
Let m(c) = -c**2 - 2*c + 4. Let b be 64/112 + (-18)/7. Suppose a = -5*q - 4, 3*q - 11 - 2 = -2*a. Calculate the remainder when a is divided by m(b).
3
Suppose -3*s = -100 - 104. Suppose -16*x = -14*x - s. Calculate the remainder when 65 is divided by x.
31
Suppose 13*z + 795 = -2*z. Let a = 66 + z. What is the remainder when 34 is divided by a?
8
Suppose 2*u - 3*x + x = 58, 3*u - 2*x - 85 = 0. Suppose -2*d + 3 = 1. Calculate the remainder when u is divided by d/((-2)/(-14) - 0).
6
Suppose -x = 11 - 2. Let g(z) = -z**2 + 10*z - 6. Let i be g(8). Let n = i + x. Calculate the remainder when 2 is divided by n.
0
Let r(y) = -y**2 - 17*y - 13. Calculate the remainder when 136 is divided by r(-5).
42
Let a = -70 - -122. Let u(y) = 2*y + 47. What is the remainder when a is divided by u(-10)?
25
Suppose -3*z + 104 = 5*j - 2*z, z + 85 = 4*j. Calculate the remainder when 72/(-45)*(-3)/(12/170) is divided by j.
5
Suppose -8 = -5*s + 4*s + 3*m, 0 = -m - 2. Let f be s + 0*(-4)/(-16). Suppose -10 - f = -v. Calculate the remainder when v is divided by 5.
2
Let i = -48 - -46. What is the remainder when 1 + (59 - 1/i*-4) is divided by 15?
13
Suppose 400 = 5*n - 3*s + 8*s, -s + 248 = 3*n. Calculate the remainder when n is divided by -1 + 3 + 31 - 4.
26
Suppose 2*d = b - 2, 0 = -0*d - 2*d + 6. What is the remainder when 1*-2 - (-6)/(42/511) is divided by b?
7
Suppose 3*m + 334 = 4*b + m, -4*b = 3*m - 359. Suppose -6*n + n = 40. Calculate the remainder when b is divided by (-11)/(-2*(-2)/n).
20
What is the remainder when ((-380)/(-6))/((-16)/(-24)) is divided by 34?
27
Suppose -3*o = -2*c - 23, c + 27 - 2 = 3*o. Let m = 72 + -72. Suppose -3*j + 6 + 12 = m. Calculate the remainder when o is divided by j.
3
Let t(x) = 8*x**2 - 38*x + 4. Calculate the remainder when t(7) is divided by 67.
63
Calculate the remainder when (3 + 0)/(2*1/426) is divided by 128.
127
Suppose -25*x + 315 = 10*x. What is the remainder when 52 is divided by x?
7
Let y(m) = -m**2 + 14*m + 1. What is the remainder when 16/((-56)/20 - -3) is divided by y(10)?
39
Suppose 94 = 2*v - 80. Suppose -5*a + 100 = -0*a + 5*l, -5*l + 40 = a. What is the remainder when v is divided by a?
12
Let h = 239 - 225. Calculate the remainder when 47 is divided by h.
5
Suppose 26 = 2*l + 4*s, -3*l - 3*s = -s - 43. Suppose 12*w - l = 7*w. What is the remainder when (1 - -5)*2/4 is divided by w?
0
Let q = -331 - -338. Calculate the remainder when 102 is divided by q.
4
Suppose -11*r + 385 + 242 = 0. Suppose m + 79 = 5*k, -k - 2*m + 27 = -5*m. Calculate the remainder when r is divided by k.
12
Let d(l) = 4*l**2 - 53*l - 20. Calculate the remainder when 163 is divided by d(14).
9
What is the remainder when (-453)/(-8) + (-111)/(-296) is divided by 21?
15
Suppose -1194*u + 1199*u - m = 94, 2*m + 8 = 0. Suppose o - 5*v - 79 = 0, 2*o - v - 307 = -o. Calculate the remainder when o is divided by u.
14
Let t(a) = -46*a - 342. Calculate the remainder when t(-14) is divided by 76.
74
Let l = 64 + -52. Suppose -l*c + 144 + 108 = 0. Calculate the remainder when 146 is divided by c.
20
What is the remainder when 1175 is divided by (-11427)/(-819) - 3/(-63)?
13
Let k = 1803 + -1771. What is the remainder when 108 is divided by k?
12
Let a be (-2)/3 + 15/9. Suppose -3*j + 11 = -a. Suppose -5*y = 5, -8*c + 4*c + 60 = j*y. Calculate the remainder when 44 is divided by c.
12
Let q(g) = -g**3 - 10*g**2 - 15*g + 16. Let x be q(-8). Suppose 42 - x = 2*j. What is the remainder when 100 is divided by j?
15
Let z = 40 - 17. Let s be 172/(-12) - (-8)/(-12). Let y = z + s. What is the remainder when 14 is divided by y?
6
Let q be 60/9*6/5. Suppose q*r = 3*r + 150. Suppose 4*o - u - r = -10, -2*u - 10 = -2*o. Calculate the remainder when 18 is divided by o.
3
Let a(f) be the second derivative of -14*f**3/3 + 3*f**2/2 - 2*f. What is the remainder when 61 is divided by a(-1)?
30
Let c(v) be the third derivative of v**4/24 - 5*v**3/6 - 2*v**2. What is the remainder when ((-21)/(-14))/(9/(-120)*-2) is divided by c(9)?
2
Let u(c) = -c + 15. Let a be u(12). Suppose a*t - 68 = t. What is the remainder when t is divided by 19?
15
Let x be 2/(-1)*(-32 + 0). Let v = 73 - x. What is the remainder when 3/(-1)*(-9 + -2) is divided by v?
6
Let y(z) = 6*z**3 + 2*z**2 + 3*z + 2. Let p be y(-1). What is the remainder when 71 is divided by (-1 + 38)/(2 + 4 + p)?
34
Suppose -2*z = n - 2 - 92, -3*z - 2*n + 142 = 0. Calculate the remainder when 135 is divided by z.
43
Suppose 180 = -q + 7*q. Let l(v) = 118*v**2 + 1. What is the remainder when l(1) is divided by q?
29
Suppose -4*c = p - 13, 5*p - 35 = -4*c - c. Suppose -p*s - 59 = -g, 3*g - 3*s = s + 122. Let h = -16 + g. Calculate the remainder when h is divided by 5.
3
Suppose 0 = h - 3*h + 4. Let c be 1 + (h - -1)/3. Suppose 2*j + j - 17 = -y, 3*y = c*j - 15. Calculate the remainder when 11 is divided by j.
5
Let v = 1291 + -1282. Calculate the remainder when v is divided by 3.
0
Suppose 6*m = 43 + 41. What is the remainder when m is divided by 5?
4
Let z(y) = -y**2 + 28*y + 10. Let u = 85 - 59. What is the remainder when z(u) is divided by 